{"id":1066,"date":"2025-03-26T22:43:04","date_gmt":"2025-03-26T21:43:04","guid":{"rendered":"https:\/\/www.moto-enduro-auvergne.fr\/?post_type=product&#038;p=1066"},"modified":"2025-03-27T23:32:41","modified_gmt":"2025-03-27T22:32:41","slug":"stage-enduro","status":"publish","type":"product","link":"https:\/\/www.randodulignon.com\/index.php\/produit\/stage-enduro\/","title":{"rendered":"Stage Enduro"},"content":{"rendered":"<p>Vous \u00eates passionn\u00e9 de moto et vous r\u00eavez de vous aventurer hors des sentiers battus ?<\/p>\n<p>Un stage moto Enduro en Rh\u00f4ne-Alpes est l\u2019occasion id\u00e9ale pour d\u00e9couvrir les joies de l\u2019off-road et perfectionner vos comp\u00e9tences de pilotage tout-terrain.<\/p>\n<p>Vous apprendrez les techniques sp\u00e9cifiques pour ma\u00eetriser votre moto sur diff\u00e9rents types de terrains, tels que les chemins de montagne, les sentiers forestiers et les pistes rocailleuses.<\/p>\n<p>Vous gagnerez en confiance et en aisance pour affronter diff\u00e9rents d\u00e9fis de conduite.<\/p>\n","protected":false},"excerpt":{"rendered":"<ul>\n<li>1 journ\u00e9e compl\u00e8te<\/li>\n<li>6 pilotes max<\/li>\n<li>Exercices techniques sur plateau<\/li>\n<li>Randonn\u00e9e sur trac\u00e9 adapt\u00e9 aux trails<\/li>\n<li>Environs de Grenoble, Is\u00e8re, Auvergne-Rh\u00f4ne-Alpes<\/li>\n<\/ul>\n","protected":false},"featured_media":918,"comment_status":"open","ping_status":"closed","template":"","meta":{"_price":"185","_stock":null,"_tribe_ticket_header":"","_tribe_default_ticket_provider":"","_tribe_ticket_capacity":"0","_ticket_start_date":"","_ticket_end_date":"","_tribe_ticket_show_description":"","_tribe_ticket_show_not_going":false,"_tribe_ticket_use_global_stock":"","_tribe_ticket_global_stock_level":"","_global_stock_mode":"","_global_stock_cap":"","_tribe_rsvp_for_event":"","_tribe_ticket_going_count":"","_tribe_ticket_not_going_count":"","_tribe_tickets_list":"[]","_tribe_ticket_has_attendee_info_fields":false,"ocean_post_layout":"","ocean_both_sidebars_style":"","ocean_both_sidebars_content_width":0,"ocean_both_sidebars_sidebars_width":0,"ocean_sidebar":"0","ocean_second_sidebar":"0","ocean_disable_margins":"enable","ocean_add_body_class":"","ocean_shortcode_before_top_bar":"","ocean_shortcode_after_top_bar":"","ocean_shortcode_before_header":"","ocean_shortcode_after_header":"","ocean_has_shortcode":"","ocean_shortcode_after_title":"","ocean_shortcode_before_footer_widgets":"","ocean_shortcode_after_footer_widgets":"","ocean_shortcode_before_footer_bottom":"","ocean_shortcode_after_footer_bottom":"","ocean_display_top_bar":"default","ocean_display_header":"default","ocean_header_style":"","ocean_center_header_left_menu":"0","ocean_custom_header_template":"0","ocean_custom_logo":0,"ocean_custom_retina_logo":0,"ocean_custom_logo_max_width":0,"ocean_custom_logo_tablet_max_width":0,"ocean_custom_logo_mobile_max_width":0,"ocean_custom_logo_max_height":0,"ocean_custom_logo_tablet_max_height":0,"ocean_custom_logo_mobile_max_height":0,"ocean_header_custom_menu":"0","ocean_menu_typo_font_family":"0","ocean_menu_typo_font_subset":"","ocean_menu_typo_font_size":0,"ocean_menu_typo_font_size_tablet":0,"ocean_menu_typo_font_size_mobile":0,"ocean_menu_typo_font_size_unit":"px","ocean_menu_typo_font_weight":"","ocean_menu_typo_font_weight_tablet":"","ocean_menu_typo_font_weight_mobile":"","ocean_menu_typo_transform":"","ocean_menu_typo_transform_tablet":"","ocean_menu_typo_transform_mobile":"","ocean_menu_typo_line_height":0,"ocean_menu_typo_line_height_tablet":0,"ocean_menu_typo_line_height_mobile":0,"ocean_menu_typo_line_height_unit":"","ocean_menu_typo_spacing":0,"ocean_menu_typo_spacing_tablet":0,"ocean_menu_typo_spacing_mobile":0,"ocean_menu_typo_spacing_unit":"","ocean_menu_link_color":"","ocean_menu_link_color_hover":"","ocean_menu_link_color_active":"","ocean_menu_link_background":"","ocean_menu_link_hover_background":"","ocean_menu_link_active_background":"","ocean_menu_social_links_bg":"","ocean_menu_social_hover_links_bg":"","ocean_menu_social_links_color":"","ocean_menu_social_hover_links_color":"","ocean_disable_title":"default","ocean_disable_heading":"default","ocean_post_title":"","ocean_post_subheading":"","ocean_post_title_style":"","ocean_post_title_background_color":"","ocean_post_title_background":0,"ocean_post_title_bg_image_position":"","ocean_post_title_bg_image_attachment":"","ocean_post_title_bg_image_repeat":"","ocean_post_title_bg_image_size":"","ocean_post_title_height":0,"ocean_post_title_bg_overlay":0.5,"ocean_post_title_bg_overlay_color":"","ocean_disable_breadcrumbs":"default","ocean_breadcrumbs_color":"","ocean_breadcrumbs_separator_color":"","ocean_breadcrumbs_links_color":"","ocean_breadcrumbs_links_hover_color":"","ocean_display_footer_widgets":"default","ocean_display_footer_bottom":"default","ocean_custom_footer_template":"0"},"product_brand":[],"product_cat":[41,40],"product_tag":[],"class_list":{"0":"post-1066","1":"product","2":"type-product","3":"status-publish","4":"has-post-thumbnail","6":"product_cat-enduro-stage","7":"product_cat-stage","9":"entry","10":"has-media","12":"first","13":"instock","14":"taxable","15":"shipping-taxable","16":"purchasable","17":"product-type-variable","18":"has-product-nav","19":"col","20":"span_1_of_4","21":"owp-content-center","22":"owp-thumbs-layout-horizontal","23":"owp-btn-normal","24":"owp-tabs-layout-horizontal","25":"has-no-thumbnails"},"yoast_head":"<!-- This site is optimized with the Yoast SEO plugin v26.2 - https:\/\/yoast.com\/wordpress\/plugins\/seo\/ -->\n<title>Stage Enduro - Rando Du Lignon 43<\/title>\n<meta name=\"robots\" content=\"index, follow, max-snippet:-1, max-image-preview:large, max-video-preview:-1\" \/>\n<link rel=\"canonical\" href=\"https:\/\/www.randodulignon.com\/index.php\/produit\/stage-enduro\/\" \/>\n<meta property=\"og:locale\" content=\"fr_FR\" \/>\n<meta property=\"og:type\" content=\"article\" \/>\n<meta property=\"og:title\" content=\"Stage Enduro - Rando Du Lignon 43\" \/>\n<meta property=\"og:description\" content=\"1 journ\u00e9e compl\u00e8te  6 pilotes max  Exercices techniques sur plateau  Randonn\u00e9e sur trac\u00e9 adapt\u00e9 aux trails  Environs de Grenoble, Is\u00e8re, Auvergne-Rh\u00f4ne-Alpes\" \/>\n<meta property=\"og:url\" content=\"https:\/\/www.randodulignon.com\/index.php\/produit\/stage-enduro\/\" \/>\n<meta property=\"og:site_name\" content=\"Rando Du Lignon 43\" \/>\n<meta property=\"article:modified_time\" content=\"2025-03-27T22:32:41+00:00\" \/>\n<meta property=\"og:image\" content=\"https:\/\/www.randodulignon.com\/wp-content\/uploads\/2025\/03\/Photo_01.jpg\" \/>\n\t<meta property=\"og:image:width\" content=\"622\" \/>\n\t<meta property=\"og:image:height\" content=\"960\" \/>\n\t<meta property=\"og:image:type\" content=\"image\/jpeg\" \/>\n<meta name=\"twitter:card\" content=\"summary_large_image\" \/>\n<meta name=\"twitter:label1\" content=\"Dur\u00e9e de lecture estim\u00e9e\" \/>\n\t<meta name=\"twitter:data1\" content=\"1 minute\" \/>\n<script type=\"application\/ld+json\" class=\"yoast-schema-graph\">{\"@context\":\"https:\/\/schema.org\",\"@graph\":[{\"@type\":\"WebPage\",\"@id\":\"https:\/\/www.randodulignon.com\/index.php\/produit\/stage-enduro\/\",\"url\":\"https:\/\/www.randodulignon.com\/index.php\/produit\/stage-enduro\/\",\"name\":\"Stage Enduro - Rando Du Lignon 43\",\"isPartOf\":{\"@id\":\"https:\/\/www.randodulignon.com\/#website\"},\"primaryImageOfPage\":{\"@id\":\"https:\/\/www.randodulignon.com\/index.php\/produit\/stage-enduro\/#primaryimage\"},\"image\":{\"@id\":\"https:\/\/www.randodulignon.com\/index.php\/produit\/stage-enduro\/#primaryimage\"},\"thumbnailUrl\":\"https:\/\/www.randodulignon.com\/wp-content\/uploads\/2025\/03\/Photo_01.jpg\",\"datePublished\":\"2025-03-26T21:43:04+00:00\",\"dateModified\":\"2025-03-27T22:32:41+00:00\",\"breadcrumb\":{\"@id\":\"https:\/\/www.randodulignon.com\/index.php\/produit\/stage-enduro\/#breadcrumb\"},\"inLanguage\":\"fr-FR\",\"potentialAction\":[{\"@type\":\"ReadAction\",\"target\":[\"https:\/\/www.randodulignon.com\/index.php\/produit\/stage-enduro\/\"]}]},{\"@type\":\"ImageObject\",\"inLanguage\":\"fr-FR\",\"@id\":\"https:\/\/www.randodulignon.com\/index.php\/produit\/stage-enduro\/#primaryimage\",\"url\":\"https:\/\/www.randodulignon.com\/wp-content\/uploads\/2025\/03\/Photo_01.jpg\",\"contentUrl\":\"https:\/\/www.randodulignon.com\/wp-content\/uploads\/2025\/03\/Photo_01.jpg\",\"width\":622,\"height\":960},{\"@type\":\"BreadcrumbList\",\"@id\":\"https:\/\/www.randodulignon.com\/index.php\/produit\/stage-enduro\/#breadcrumb\",\"itemListElement\":[{\"@type\":\"ListItem\",\"position\":1,\"name\":\"Accueil\",\"item\":\"https:\/\/www.randodulignon.com\/\"},{\"@type\":\"ListItem\",\"position\":2,\"name\":\"Produits\",\"item\":\"https:\/\/www.randodulignon.com\/index.php\/boutique\/\"},{\"@type\":\"ListItem\",\"position\":3,\"name\":\"Stage Enduro\"}]},{\"@type\":\"WebSite\",\"@id\":\"https:\/\/www.randodulignon.com\/#website\",\"url\":\"https:\/\/www.randodulignon.com\/\",\"name\":\"Rando Du Lignon 43\",\"description\":\"Initiation et Randonn\u00e9e off Road\",\"publisher\":{\"@id\":\"https:\/\/www.randodulignon.com\/#organization\"},\"potentialAction\":[{\"@type\":\"SearchAction\",\"target\":{\"@type\":\"EntryPoint\",\"urlTemplate\":\"https:\/\/www.randodulignon.com\/?s={search_term_string}\"},\"query-input\":{\"@type\":\"PropertyValueSpecification\",\"valueRequired\":true,\"valueName\":\"search_term_string\"}}],\"inLanguage\":\"fr-FR\"},{\"@type\":\"Organization\",\"@id\":\"https:\/\/www.randodulignon.com\/#organization\",\"name\":\"Rando Du Lignon 43\",\"url\":\"https:\/\/www.randodulignon.com\/\",\"logo\":{\"@type\":\"ImageObject\",\"inLanguage\":\"fr-FR\",\"@id\":\"https:\/\/www.randodulignon.com\/#\/schema\/logo\/image\/\",\"url\":\"https:\/\/www.randodulignon.com\/wp-content\/uploads\/2025\/03\/cropped-Logo-rando-du-lignon-HD-v03.png\",\"contentUrl\":\"https:\/\/www.randodulignon.com\/wp-content\/uploads\/2025\/03\/cropped-Logo-rando-du-lignon-HD-v03.png\",\"width\":1164,\"height\":423,\"caption\":\"Rando Du Lignon 43\"},\"image\":{\"@id\":\"https:\/\/www.randodulignon.com\/#\/schema\/logo\/image\/\"}}]}<\/script>\n<!-- \/ Yoast SEO plugin. -->","yoast_head_json":{"title":"Stage Enduro - Rando Du Lignon 43","robots":{"index":"index","follow":"follow","max-snippet":"max-snippet:-1","max-image-preview":"max-image-preview:large","max-video-preview":"max-video-preview:-1"},"canonical":"https:\/\/www.randodulignon.com\/index.php\/produit\/stage-enduro\/","og_locale":"fr_FR","og_type":"article","og_title":"Stage Enduro - Rando Du Lignon 43","og_description":"1 journ\u00e9e compl\u00e8te  6 pilotes max  Exercices techniques sur plateau  Randonn\u00e9e sur trac\u00e9 adapt\u00e9 aux trails  Environs de Grenoble, Is\u00e8re, Auvergne-Rh\u00f4ne-Alpes","og_url":"https:\/\/www.randodulignon.com\/index.php\/produit\/stage-enduro\/","og_site_name":"Rando Du Lignon 43","article_modified_time":"2025-03-27T22:32:41+00:00","og_image":[{"width":622,"height":960,"url":"https:\/\/www.randodulignon.com\/wp-content\/uploads\/2025\/03\/Photo_01.jpg","type":"image\/jpeg"}],"twitter_card":"summary_large_image","twitter_misc":{"Dur\u00e9e de lecture estim\u00e9e":"1 minute"},"schema":{"@context":"https:\/\/schema.org","@graph":[{"@type":"WebPage","@id":"https:\/\/www.randodulignon.com\/index.php\/produit\/stage-enduro\/","url":"https:\/\/www.randodulignon.com\/index.php\/produit\/stage-enduro\/","name":"Stage Enduro - Rando Du Lignon 43","isPartOf":{"@id":"https:\/\/www.randodulignon.com\/#website"},"primaryImageOfPage":{"@id":"https:\/\/www.randodulignon.com\/index.php\/produit\/stage-enduro\/#primaryimage"},"image":{"@id":"https:\/\/www.randodulignon.com\/index.php\/produit\/stage-enduro\/#primaryimage"},"thumbnailUrl":"https:\/\/www.randodulignon.com\/wp-content\/uploads\/2025\/03\/Photo_01.jpg","datePublished":"2025-03-26T21:43:04+00:00","dateModified":"2025-03-27T22:32:41+00:00","breadcrumb":{"@id":"https:\/\/www.randodulignon.com\/index.php\/produit\/stage-enduro\/#breadcrumb"},"inLanguage":"fr-FR","potentialAction":[{"@type":"ReadAction","target":["https:\/\/www.randodulignon.com\/index.php\/produit\/stage-enduro\/"]}]},{"@type":"ImageObject","inLanguage":"fr-FR","@id":"https:\/\/www.randodulignon.com\/index.php\/produit\/stage-enduro\/#primaryimage","url":"https:\/\/www.randodulignon.com\/wp-content\/uploads\/2025\/03\/Photo_01.jpg","contentUrl":"https:\/\/www.randodulignon.com\/wp-content\/uploads\/2025\/03\/Photo_01.jpg","width":622,"height":960},{"@type":"BreadcrumbList","@id":"https:\/\/www.randodulignon.com\/index.php\/produit\/stage-enduro\/#breadcrumb","itemListElement":[{"@type":"ListItem","position":1,"name":"Accueil","item":"https:\/\/www.randodulignon.com\/"},{"@type":"ListItem","position":2,"name":"Produits","item":"https:\/\/www.randodulignon.com\/index.php\/boutique\/"},{"@type":"ListItem","position":3,"name":"Stage Enduro"}]},{"@type":"WebSite","@id":"https:\/\/www.randodulignon.com\/#website","url":"https:\/\/www.randodulignon.com\/","name":"Rando Du Lignon 43","description":"Initiation et Randonn\u00e9e off Road","publisher":{"@id":"https:\/\/www.randodulignon.com\/#organization"},"potentialAction":[{"@type":"SearchAction","target":{"@type":"EntryPoint","urlTemplate":"https:\/\/www.randodulignon.com\/?s={search_term_string}"},"query-input":{"@type":"PropertyValueSpecification","valueRequired":true,"valueName":"search_term_string"}}],"inLanguage":"fr-FR"},{"@type":"Organization","@id":"https:\/\/www.randodulignon.com\/#organization","name":"Rando Du Lignon 43","url":"https:\/\/www.randodulignon.com\/","logo":{"@type":"ImageObject","inLanguage":"fr-FR","@id":"https:\/\/www.randodulignon.com\/#\/schema\/logo\/image\/","url":"https:\/\/www.randodulignon.com\/wp-content\/uploads\/2025\/03\/cropped-Logo-rando-du-lignon-HD-v03.png","contentUrl":"https:\/\/www.randodulignon.com\/wp-content\/uploads\/2025\/03\/cropped-Logo-rando-du-lignon-HD-v03.png","width":1164,"height":423,"caption":"Rando Du Lignon 43"},"image":{"@id":"https:\/\/www.randodulignon.com\/#\/schema\/logo\/image\/"}}]}},"_links":{"self":[{"href":"https:\/\/www.randodulignon.com\/index.php\/wp-json\/wp\/v2\/product\/1066","targetHints":{"allow":["GET"]}}],"collection":[{"href":"https:\/\/www.randodulignon.com\/index.php\/wp-json\/wp\/v2\/product"}],"about":[{"href":"https:\/\/www.randodulignon.com\/index.php\/wp-json\/wp\/v2\/types\/product"}],"replies":[{"embeddable":true,"href":"https:\/\/www.randodulignon.com\/index.php\/wp-json\/wp\/v2\/comments?post=1066"}],"wp:featuredmedia":[{"embeddable":true,"href":"https:\/\/www.randodulignon.com\/index.php\/wp-json\/wp\/v2\/media\/918"}],"wp:attachment":[{"href":"https:\/\/www.randodulignon.com\/index.php\/wp-json\/wp\/v2\/media?parent=1066"}],"wp:term":[{"taxonomy":"product_brand","embeddable":true,"href":"https:\/\/www.randodulignon.com\/index.php\/wp-json\/wp\/v2\/product_brand?post=1066"},{"taxonomy":"product_cat","embeddable":true,"href":"https:\/\/www.randodulignon.com\/index.php\/wp-json\/wp\/v2\/product_cat?post=1066"},{"taxonomy":"product_tag","embeddable":true,"href":"https:\/\/www.randodulignon.com\/index.php\/wp-json\/wp\/v2\/product_tag?post=1066"}],"curies":[{"name":"wp","href":"https:\/\/api.w.org\/{rel}","templated":true}]}}